value of -3 - 0 - (-25 + 18)?
4
(11 - 10) + (4 - 5)
0
Evaluate -4 - -5 - (-3 - (-2 + 1)).
3
What is the value of -8 + 8 + (-8 - -5)?
-3
Evaluate (5 + -4 - -4) + -6 + -4.
-5
-10 + -2 - -4 - -3
-5
-1 - -6 - (0 - -5)
0
What is 0 + 1 - (11 - (11 + -1))?
0
What is the value of -2 + 7 + 12 + -7 + -11?
-1
(7 - 6) + -7 + 2 + -1
-5
What is 13 - 11 - (2 + -3)?
3
-2 - ((0 - 4) + 0)
2
5 - (-7 - -16) - 0
-4
What is the value of 1 + (1 + -3 - 2) - 2?
-5
Calculate 10 - (-5 - (-27 + 6)).
-6
What is 5 - (3 - 3 - -10)?
-5
What is the value of 17 - (14 - 1 - (0 - -6))?
10
1 - (3 - -4 - 5)
-1
What is -8 + 1 - (-96 - -85)?
4
What is the value of (3 - 6 - 0) + 5 + 0?
2
What is the value of -6 + 1 + (10 - 7 - 0)?
-2
What is the value of -3 + (-6 + 0 - -5)?
-4
Evaluate (6 + 0 - (9 - 1)) + -4.
-6
Calculate -5 - (8 + -8 + -7).
2
Evaluate 15 - 11 - (-2 - (0 + -4)).
2
(-11 - -2 - 7) + (10 - 2)
-8
What is the value of 9 - (-5 + 13 + -3)?
4
What is the value of (-5 - (-3 + 2)) + 4 - 4?
-4
Calculate (-8 - -1) + 30 + -24.
-1
-1 + 1 + 1 + 1
2
What is the value of -17 + (12 - 7) + 12?
0
Evaluate -4 + 11 + -3 - 3 - -1.
2
What is the value of 0 + (-1 - (2 - 3))?
0
(1 - (4 + 0)) + 4
1
10 + -6 + (-3 - (0 + -4))
5
What is the value of 12 - (-7 - (1 - 15))?
5
8 - 9 - (5 + (7 - 20))
7
What is the value of -2 - (7 + -3 - 6)?
0
What is the value of (-2 - -4) + -1 - 1?
0
What is the value of 3 + (-31 - -7) + 6 + 5?
-10
Calculate -2 - (1 + 3 + -4 - -3).
-5
18 - 26 - (-4 - -1)
-5
What is the value of -9 - (-1 - -5 - 18)?
5
What is -3 + 9 + -5 + 1?
2
What is the value of (0 - 4) + 7 + -1?
2
What is 3 + (1 - 0) + -7?
-3
What is (-6 - -5 - 5) + -2?
-8
What is 0 + (1 - 8) + 61 + -58?
-4
What is (-7 - -1 - 0) + -2 + -1?
-9
Evaluate 10 + -18 - (-1 - 3).
-4
What is the value of (1 - 7) + 9 + -4?
-1
What is the value of -3 + 3 + (1 - (3 - 1))?
-1
Evaluate 0 + -1 - (-2 - -3).
-2
What is the value of 2 + (-3 - -5) + 0 - 2?
2
What is the value of -2 + 4 + 4 - (-3 - -15)?
-6
What is the value of -3 - (2 - 6) - 8?
-7
10 - 3 - 4 - (1 + -3)
5
What is the value of 3 + -2 + 3 - 5?
-1
What is the value of (-10 - -6) + (5 - (2 + -4))?
3
Evaluate -8 - (8 - 5 - 16).
5
What is the value of 4 + (5 - 12) - (1 - 7)?
3
What is 4 - (-3 + (4 - 0))?
3
Evaluate (-2 - 0 - -1) + (5 - -1).
5
What is the value of 7 + (-2 - 1 - 1)?
3
Calculate 3 + -7 - (-1 - 1) - 1.
-3
What is 4 + (-10 + -1 - (13 - 16))?
-4
What is (-14 - -13) + (-2 + 0 - 1)?
-4
What is the value of (-1 - 4) + 7 + -8?
-6
Calculate 1 + 12 + -26 - -4.
-9
Calculate 3 + 1 + 4 - 3.
5
Calculate -3 + 1 - 4 - (11 - 21).
4
What is 3 - (-5 + 3 - -3 - 2)?
4
Evaluate 4 + 3 + -9 + 6 - -5.
9
Evaluate -3 + 5 - (-2 - -1).
3
What is -7 + 4 + 1 + -2?
-4
What is the value of 26 + -26 - (2 - 4)?
2
Evaluate 43 + -50 - (0 + -4).
-3
Evaluate -14 + 8 + (-2 - -11).
3
Evaluate (-6 - (8 + -17)) + -1.
2
Calculate 1 - (-5 + 4) - -2.
4
Calculate (-9 - -3 - (4 - 12)) + 0.
2
Calculate 1 + 0 + -4 + 8.
5
What is 2 - -1 - (2 + -1)?
2
Calculate 4 - 14 - -22 - 7.
5
What is 3 - 2 - 8 - -3?
-4
Calculate -2 + -6 + 1 + 6.
-1
Evaluate 4 - (10 + 2) - -2 - -1.
-5
Evaluate -36 + 46 + -3 + -2.
5
What is the value of 7 + 5 + (7 - 14)?
5
Calculate -1 - 0 - (0 + -4).
3
What is 5 - (-6 + 4 - -2)?
5
Evaluate 0 + (-4 - -6) - 1.
1
What is -5 - -10 - (-3 + 8 - 3)?
3
What is 0 + 3 + 9 + -11?
1
What is -14 + 10 + 4 + (0 - 2)?
-2
What is the value of (-2 + 3 - -1) + (3 - 0)?
5
What is 77 + -67 - (4 + 1)?
5
Evaluate 383 + -380 + -8 + -2 + 1.
-6
Evaluate 9 - (13 + -9) - 9.
-4
Evaluate 0 + (3 - 0 - 0 - -1).
4
Calculate (2 - -3) + -3 + -1.
1
Evaluate -1 - (-2 - 5) - 5.
1
Calculate 2 - ((-1 - 4) + 16 + -1).
-8
What is the value of (17 + -20 - (-2 + -2)) + 5?
6
(-15 - (-4 + -4)) + (0 - -6)
-1
What is 4 - (9 + -5 + -3)?
3
2 + 2 - (3 + (1 - 2))
2
Calculate (-2 - (-4 + 4)) + 6.
4
What is 1 + -5 + 5 + -5?
-4
What is the value of (66 - 69) + (2 - -9)?
8
1 - -1 - (5 + -3 + 4)
-4
Calculate -3 + 3 + -5 + 3 + -1.
-3
What is the value of (-3 + 2 + 1 - -2) + -3?
-1
What is the value of -7 - -1 - ((-2 - 1) + 0)?
-3
Evaluate -5 + 33 + -32 + 2 + -6.
-8
What is 8 + -5 + 1 + 2 - 5?
1
What is (-49 - -48) + (0 - -1)?
0
Evaluate (-4 - -3) + 3 - (12 - 13).
3
What is (-3 + 7 - 1) + 1?
4
Evaluate 4 + -7 + 2 + 4 + -2.
1
What is 5 + (-6 - (-6 + 5))?
0
What is the value of (-3 - 0) + -7 + 7?
-3
What is (-2 - (3 + -1 + -3)) + 3?
2
What is the value of -6 + 6 + -4 - -3?
-1
Evaluate -4 + (0 - (0 - 0)).
-4
3 + (-2 - -1 - 0)
2
Calculate 0 - (-7 + 9 + 1 + -3).
0
What is the value of 0 + 4 + (-2 - (0 + -3))?
5
What is the value of 3 + (8 + 6 + -11 - 10)?
-4
What is the value of -2 - (1 + -13 + 5 + 4)?
1
What is the value of (3 - 5) + (7 - 2)?
3
What is -4 - -6 - (1 + 4 + 0)?
-3
Calculate (-12 - -13) + 2 + -1 + 3.
5
What is the value of (3 - 5) + 4 - (-5 + 2)?
5
What is -6 + (-1 - -2) - (-4 + 0)?
-1
Evaluate (-5 - -4) + 3 + 2.
4
4 + (4 - 5) + 2 - 1
4
What is the value of -5 + (-2 - 0) - -4?
-3
Calculate -1 - (-2 + (-3 - -7)).
-3
0 + (6 - 10) + -3
-7
(-7 - ((-1 - 3) + 1)) + 2
-2
What is the value of -1 + (0 + 1 - 5)?
-5
What is the value of 5 + -6 + -1 + 1 + 1?
0
-10 + 15 + -1 - 12
-8
What is -1 - 3 - (-16 - (-2 - 9))?
1
Calculate (3 - (0 - -7)) + (0 - 2).
-6
What is -4 - (-2 - (-2 + 0) - 1)?
-3
Calculate 2 + -5 + (-3 - 0).
-6
Calculate (15 - 11) + -2 + 2.
4
-1 - ((4 - 9) + 4)
0
What is -8 + -1 + -1 - (-4 - -2)?
-8
Evaluate 9 - 2 - (-33 - -30).
10
What is 3 + -3 + -2 + 3?
1
Calculate -9 + 30 + (-3 - 9).
9
What is -1 - 5 - (-74 - -68)?
0
What is -44 + 46 - (-1 - (0 + -6))?
-3
Evaluate 8 + (-17 - (-9 - 2)).
2
What is the value of 4 + 2 - (9 - 6)?
3
(-7 - -3) + -1 + 0
-5
What is the value of (-53 - -49) + (3 - -2)?
1
What is 4 + -2 - 4 - -5 - 7?
-4
What is the value of -7 + 4 + 19 + -12?
4
Calculate (-8 + -4 - -23) + -6.
5
Calculate 6 + -9 - (2 - (2 - -7)).
4
Calculate -1 - (10 + (6 - (-2 + 11))).
-8
Calculate 0 + 4 + (-37 - -28).
-5
35 - 38 - (-1 + 0 - 3)
1
Evaluate 74 + -66 + (-4 + 0 - 0).
4
What is the value of 6 - (-8 - -9 - (-2 - 2))?
1
Evaluate (-7 - -2) + 6 + -3.
-2
What is 2 + (3 - (10 + -2))?
-3
Evaluate (-2 - -5) + -3 + -1.
-1
What is the value of 5 + -10 + (0 - 3) + 3?
-5
(-12 - -12) + -5 + (-2 - -1)
-6
What is 5 - ((-2 - -10) + -5)?
2
-1 - 1 - (3 - (-6 + 16))
5
What is the value of 1 - -5 - (-31 + 41)?
-4
0 - 7 - (12 - 21) - 2
0
Calculate -1 + -4 - (-42 + 35).
2
-16 + (-10 - (-22 - -4))
-8
What is -2 + 11 + -2 - (-16 + 18)?
5
Calculate 28 + -21 - (15 - (-1 + -1)).
-10
(16 - (-13 + 24)) + (1 - 10)
-4
((-7 - -4) + 2 - -1) + 1
1
Calculate -2 - (-3 + 1) - 3.
-3
-1 + 4 + -5 + 4
2
3 + 5 - 4 - 8
-4
Calculate (9 - (8 - 2)) + -1.
2
Calculate 2 - (-4 + 3 + (2 - 2)).
3
Evaluate 3 + (-1 - (2 - 5)) + -4.
1
What is the value of (-3 - 0 - -4) + -7 + 0?
-6
Calculate 3 - (-2 - (-6 - -8)).
7
What is 0 - (6 - (0 - -3))?
-3
What is -1 - (2 - (-1 + 2))?
-2
What is 3 + 3 + -10 - -6?
2
Evaluate 3 - (-7 - (-4 - 1)).
5
Evaluate 3 - 4 - (14 + -12).
-3
-2 - 4 - (4 - (-8 + 13))
-5
Calculate (1 - (0 - -3)) + 1 + 2.
1
(7 - 4) + 3 + 7 + -4
9
(-3 - (-5 + 6)) + 3 - -1
0
Calculate (3 - (2 + -2)) + 2 + -6.
-1
-1 + 4 + -1 + -2 + -2
-2
What is the value of -3 + (4 - 1) - 5 - -1?
-4
What is -1 + (3 - 5 - -11)?
8
What is the value of -4 + (1 - -8) + -7?
-2
Calculate -66 - -58 - (-2 + (-3 - -2)).
-5
Evaluate (-8 + 22 - (3 - 1)) + -8.
4
-9 + (6 - 2 - -2)
-3
Evaluate (3 - 11) + 6 - -8.
6
(-3 + (7 - 4) - 1) + -1
-2
What is -3 + (-2 + 5 - 2)?
-2
Evaluate -2 - 0 - ((0 - -1) + -3).
0
What is -3 + -2 - (7 - -2 - 7)?
-7
What is the value of 0 - -2 - -1 - (-3 + 6)?
0
What is the value of -7 + -3 + (-3 - -9)?
-4
-4 - (-6 + 2 + -4)
4
Calculate 6 + 6 + (1 + 0 - 9).
4
Calculate 4 + (-6 - -1) + -4.
-5
Calculate -3 + (-14 - -7) + 1.
-9
17 - 18 - (-4 + 1)
2
Evaluate -11 + 5 + (-1 - -2).
-5
-1 + (-9 - (-12 + 7))
-5
Evaluate (-8 - (-13 - -2)) + -2.
1
-3 + -4 + (-2 - (-9 - 1))
1
What is the value of 1 + (3 - 9) + 9?
4
Calculate (6 + -7 - -4) + 0.
3
Calculate (2 - 4) + (3 - 2) - 4.
-5
What is 1 - 3 - (4 - 6 - 4)?
4
-8 + 8 - (0 - 0) - -2
2
What is the value of -3 - ((-3 - 2 - -1) + 4)?
-3
Calculate 3 + 2 + (5 - 27 - -7).
-10
0 + (-6 - 2 - -14)
6
What is the value of (0 + -2 - -2) + -1?
-1
(15 - 1) + (-32 - -22)
4
Calculate -3 - -2 - (1 + (2 - 11)).
7
Calculate 7 + -4 - (3 + 1).
-1
What is 1 - 4 - 